{"id":246,"date":"2025-12-02T18:35:42","date_gmt":"2025-12-02T18:35:42","guid":{"rendered":"https:\/\/folkkarit.fi\/?page_id=246"},"modified":"2026-01-22T12:02:48","modified_gmt":"2026-01-22T12:02:48","slug":"folkkarit-testi","status":"publish","type":"page","link":"https:\/\/folkkarit.fi\/","title":{"rendered":"Etusivu"},"content":{"rendered":"\n<div class=\"wp-block-cover\" style=\"min-height:100vh;aspect-ratio:unset;\"><img loading=\"lazy\" decoding=\"async\" width=\"1024\" height=\"683\" class=\"wp-block-cover__image-background wp-image-61 size-large\" alt=\"\" src=\"https:\/\/folkkarit.fi\/wp-content\/uploads\/2025\/11\/Folkkarit_promo_kuva_susanna-salokannel-1024x683.jpg\" data-object-fit=\"cover\" srcset=\"https:\/\/folkkarit.fi\/wp-content\/uploads\/2025\/11\/Folkkarit_promo_kuva_susanna-salokannel-1024x683.jpg 1024w, https:\/\/folkkarit.fi\/wp-content\/uploads\/2025\/11\/Folkkarit_promo_kuva_susanna-salokannel-300x200.jpg 300w, https:\/\/folkkarit.fi\/wp-content\/uploads\/2025\/11\/Folkkarit_promo_kuva_susanna-salokannel-768x512.jpg 768w, https:\/\/folkkarit.fi\/wp-content\/uploads\/2025\/11\/Folkkarit_promo_kuva_susanna-salokannel-1536x1024.jpg 1536w, https:\/\/folkkarit.fi\/wp-content\/uploads\/2025\/11\/Folkkarit_promo_kuva_susanna-salokannel-2048x1365.jpg 2048w\" sizes=\"auto, (max-width: 1024px) 100vw, 1024px\" \/><span aria-hidden=\"true\" class=\"wp-block-cover__background has-background-dim-100 has-background-dim wp-block-cover__gradient-background has-background-gradient\" style=\"background:linear-gradient(180deg,rgba(255,255,255,0) 70%,rgb(1,1,1) 96%)\"><\/span><div class=\"wp-block-cover__inner-container is-layout-constrained wp-block-cover-is-layout-constrained\">\n<h1 class=\"wp-block-heading has-text-align-center has-theme-palette-1-color has-text-color has-link-color wp-elements-4c84232b2adf41d1d9d6f4ebce2564a4\" style=\"margin-top:0px;margin-bottom:0px\"><strong>FOLKKARIT<\/strong><\/h1>\n\n\n\n<h2 class=\"wp-block-heading has-text-align-center\">Legendaarinen folkrock-yhtye joka el\u00e4\u00e4 uutta renesanssia!<\/h2>\n<\/div><\/div>\n\n\n\n<div class=\"wp-block-media-text is-stacked-on-mobile\" style=\"margin-top:0;margin-bottom:var(--wp--preset--spacing--80)\"><figure class=\"wp-block-media-text__media\"><img loading=\"lazy\" decoding=\"async\" width=\"1024\" height=\"576\" src=\"https:\/\/folkkarit.fi\/wp-content\/uploads\/2025\/11\/cropped-cropped-Folkkarit-feat.-Antti-Paalanen.-Kuva-Krista-Jarvela-79-3-scaled-1-1024x576.webp\" alt=\"\" class=\"wp-image-249 size-full\" srcset=\"https:\/\/folkkarit.fi\/wp-content\/uploads\/2025\/11\/cropped-cropped-Folkkarit-feat.-Antti-Paalanen.-Kuva-Krista-Jarvela-79-3-scaled-1-1024x576.webp 1024w, https:\/\/folkkarit.fi\/wp-content\/uploads\/2025\/11\/cropped-cropped-Folkkarit-feat.-Antti-Paalanen.-Kuva-Krista-Jarvela-79-3-scaled-1-300x169.webp 300w, https:\/\/folkkarit.fi\/wp-content\/uploads\/2025\/11\/cropped-cropped-Folkkarit-feat.-Antti-Paalanen.-Kuva-Krista-Jarvela-79-3-scaled-1-768x432.webp 768w, https:\/\/folkkarit.fi\/wp-content\/uploads\/2025\/11\/cropped-cropped-Folkkarit-feat.-Antti-Paalanen.-Kuva-Krista-Jarvela-79-3-scaled-1-1536x864.webp 1536w, https:\/\/folkkarit.fi\/wp-content\/uploads\/2025\/11\/cropped-cropped-Folkkarit-feat.-Antti-Paalanen.-Kuva-Krista-Jarvela-79-3-scaled-1-990x556.webp 990w, https:\/\/folkkarit.fi\/wp-content\/uploads\/2025\/11\/cropped-cropped-Folkkarit-feat.-Antti-Paalanen.-Kuva-Krista-Jarvela-79-3-scaled-1.webp 1919w\" sizes=\"auto, (max-width: 1024px) 100vw, 1024px\" \/><\/figure><div class=\"wp-block-media-text__content\">\n<h2 class=\"wp-block-heading\">Esittely<\/h2>\n\n\n\n<p>Legendaarinen folkrock-yhtye syntyi aikana, jolloin sumu nousi kyl\u00e4teiden ylle ja kitarankielet viritettiin enemm\u00e4n kohtaloa kuin s\u00e4veli\u00e4 vasten. Yhtyeen musiikki yhdist\u00e4\u00e4 vaivattoman n\u00e4enn\u00e4isesti vuosisataisen kansanperinteen ja urbaanin s\u00e4hk\u00f6isyyden tavalla, jota kriitikot ovat kuvanneet yht\u00e4 aikaa ajattomaksi, v\u00e4ltt\u00e4m\u00e4tt\u00f6m\u00e4ksi ja h\u00e4mment\u00e4v\u00e4n merkitykselliseksi.<\/p>\n<\/div><\/div>\n\n\n\n<h2 class=\"wp-block-heading has-text-align-center\">Keikat <\/h2>\n\n\n\n<p class=\"has-text-align-center\">P\u00e4ivittyy t\u00e4h\u00e4n<\/p>\n\n\n\n<div class=\"wp-block-cover aligncenter\" style=\"margin-top:var(--wp--preset--spacing--80);margin-bottom:var(--wp--preset--spacing--80);padding-top:var(--wp--preset--spacing--80);padding-bottom:var(--wp--preset--spacing--80)\"><img loading=\"lazy\" decoding=\"async\" width=\"2560\" height=\"1707\" class=\"wp-block-cover__image-background wp-image-16 size-full\" alt=\"\" src=\"https:\/\/folkkarit.fi\/wp-content\/uploads\/2025\/11\/Folkkarit_areenalla_by_susanna-salokannel_kaustinenfmf25-4887-scaled.jpg\" data-object-fit=\"cover\" srcset=\"https:\/\/folkkarit.fi\/wp-content\/uploads\/2025\/11\/Folkkarit_areenalla_by_susanna-salokannel_kaustinenfmf25-4887-scaled.jpg 2560w, https:\/\/folkkarit.fi\/wp-content\/uploads\/2025\/11\/Folkkarit_areenalla_by_susanna-salokannel_kaustinenfmf25-4887-300x200.jpg 300w, https:\/\/folkkarit.fi\/wp-content\/uploads\/2025\/11\/Folkkarit_areenalla_by_susanna-salokannel_kaustinenfmf25-4887-1024x683.jpg 1024w, https:\/\/folkkarit.fi\/wp-content\/uploads\/2025\/11\/Folkkarit_areenalla_by_susanna-salokannel_kaustinenfmf25-4887-768x512.jpg 768w, https:\/\/folkkarit.fi\/wp-content\/uploads\/2025\/11\/Folkkarit_areenalla_by_susanna-salokannel_kaustinenfmf25-4887-1536x1024.jpg 1536w, https:\/\/folkkarit.fi\/wp-content\/uploads\/2025\/11\/Folkkarit_areenalla_by_susanna-salokannel_kaustinenfmf25-4887-2048x1365.jpg 2048w\" sizes=\"auto, (max-width: 2560px) 100vw, 2560px\" \/><span aria-hidden=\"true\" class=\"wp-block-cover__background has-background-dim\" style=\"background-color:#53555c\"><\/span><div class=\"wp-block-cover__inner-container is-layout-constrained wp-block-cover-is-layout-constrained\">\n<iframe data-testid=\"embed-iframe\" style=\"border-radius:12px\" src=\"https:\/\/open.spotify.com\/embed\/track\/4ctMpZmh8GD9tAEQXaKKF0?utm_source=generator&#038;theme=0\" width=\"40%\" height=\"352\" frameBorder=\"0\" allowfullscreen=\"\" allow=\"autoplay; clipboard-write; encrypted-media; fullscreen; picture-in-picture\" loading=\"lazy\"><\/iframe>\n<\/div><\/div>\n\n\n\n<p><\/p>\n\n\n\n<ul class=\"wp-block-social-links is-layout-flex wp-block-social-links-is-layout-flex\"><\/ul>\n\n\n\n<figure class=\"wp-block-gallery has-nested-images columns-default is-cropped wp-block-gallery-1 is-layout-flex wp-block-gallery-is-layout-flex\"><\/figure>\n\n\n\n<h2 class=\"wp-block-heading\">Yhtyeen j\u00e4senet                            <\/h2>\n\n\n\n<p><\/p>\n\n\n\n<div class=\"wp-block-group is-layout-grid wp-container-core-group-is-layout-9649a0d9 wp-block-group-is-layout-grid\"><\/div>\n\n\n","protected":false},"excerpt":{"rendered":"<p>Esittely Legendaarinen folkrock-yhtye syntyi aikana, jolloin sumu nousi kyl\u00e4teiden ylle ja kitarankielet viritettiin enemm\u00e4n kohtaloa kuin s\u00e4veli\u00e4 vasten. Yhtyeen musiikki yhdist\u00e4\u00e4 vaivattoman n\u00e4enn\u00e4isesti vuosisataisen kansanperinteen ja urbaanin s\u00e4hk\u00f6isyyden tavalla, jota kriitikot ovat kuvanneet yht\u00e4 aikaa ajattomaksi, v\u00e4ltt\u00e4m\u00e4tt\u00f6m\u00e4ksi ja h\u00e4mment\u00e4v\u00e4n merkitykselliseksi. Keikat P\u00e4ivittyy t\u00e4h\u00e4n Yhtyeen j\u00e4senet<\/p>\n","protected":false},"author":1,"featured_media":0,"parent":0,"menu_order":0,"comment_status":"closed","ping_status":"closed","template":"","meta":{"_kad_post_transparent":"","_kad_post_title":"hide","_kad_post_layout":"fullwidth","_kad_post_sidebar_id":"","_kad_post_content_style":"unboxed","_kad_post_vertical_padding":"hide","_kad_post_feature":"hide","_kad_post_feature_position":"","_kad_post_header":false,"_kad_post_footer":false,"_kad_post_classname":"","footnotes":""},"class_list":["post-246","page","type-page","status-publish","hentry"],"_links":{"self":[{"href":"https:\/\/folkkarit.fi\/index.php\/wp-json\/wp\/v2\/pages\/246","targetHints":{"allow":["GET"]}}],"collection":[{"href":"https:\/\/folkkarit.fi\/index.php\/wp-json\/wp\/v2\/pages"}],"about":[{"href":"https:\/\/folkkarit.fi\/index.php\/wp-json\/wp\/v2\/types\/page"}],"author":[{"embeddable":true,"href":"https:\/\/folkkarit.fi\/index.php\/wp-json\/wp\/v2\/users\/1"}],"replies":[{"embeddable":true,"href":"https:\/\/folkkarit.fi\/index.php\/wp-json\/wp\/v2\/comments?post=246"}],"version-history":[{"count":46,"href":"https:\/\/folkkarit.fi\/index.php\/wp-json\/wp\/v2\/pages\/246\/revisions"}],"predecessor-version":[{"id":366,"href":"https:\/\/folkkarit.fi\/index.php\/wp-json\/wp\/v2\/pages\/246\/revisions\/366"}],"wp:attachment":[{"href":"https:\/\/folkkarit.fi\/index.php\/wp-json\/wp\/v2\/media?parent=246"}],"curies":[{"name":"wp","href":"https:\/\/api.w.org\/{rel}","templated":true}]}}